ist the prime factors of r.
5, 29
Suppose -38 = 15*m + 82. List the prime factors of (1558/5)/(m/(-20)).
19, 41
Let g be 4/(-2)*(-9)/6 + 1. Let a be g + (3 - 5) + 1. Suppose k - 1 = i, -a*k + 0*i + 27 = 3*i. List the prime factors of k.
5
Let s be 291/(-2)*2/3. Let j = s - -113. List the prime factors of (4/1)/(-4) + j.
3, 5
Suppose 11*r = 38911 + 89371. List the prime factors of r.
2, 7, 17
Let v(z) = z**2 - 13*z - 10. Let r be v(-5). Let q = r - 74. Suppose -81 - 651 = -q*n. What are the prime factors of n?
2, 61
Suppose 2*l + 4*y + 18 = 0, 2*l = 3*l + y + 5. Let v(x) = -15*x + 5. Let m be v(l). Suppose -545 = -5*p + 5*d, -d + 5*d + m = 0. List the prime factors of p.
2, 13
Let z(b) = -198*b**3 + 49*b + 216. List the prime factors of z(-4).
2, 19, 167
Suppose -5*w + 35 = 0, -3*w = -5*s + 61299 + 106620. List the prime factors of s.
2, 3, 311
Let n(v) = -3*v + 11. Let o be n(3). Let z be o - (-11 - -3*(-3)/(-9)). List the prime factors of z/32 - (-9108)/32.
3, 5, 19
Let b(v) = 999*v**2 + 12*v + 16. List the prime factors of b(-4).
2, 997
Suppose -18*r - 108150 = -8*r. List the prime factors of r/(-49) + 2/7.
13, 17
List the prime factors of 25/10 + (-235525)/(-50).
3, 1571
Suppose 57*j = 14*j + 494930. What are the prime factors of j?
2, 5, 1151
Suppose m + 10 + 2 = 4*y, 2 = -y - m. Suppose -4*h + 2950 = -2*w, 4*h - h - 2230 = -2*w. Suppose -4*z = -4*f - h, 5*f = y*f - 12. List the prime factors of z.
181
Let s(a) = a**2 - 12*a + 16. Let f be s(11). Suppose f*t + 193 = 4*v, 0 = -2*t - 3*t - 25. Let g = v - -26. List the prime factors of g.
2, 17
Let f be 0/(4/8*2). Let h(b) = b**2. Let r be h(f). Suppose -m = 4*a + a - 72, r = -4*m - 4*a + 272. What are the prime factors of m?
67
Let n be ((-99)/(-12) - 9)/((-6)/4976). Let o = n + 3. What are the prime factors of o?
5
Suppose 96*p + 47654 = 100*p + y, 2*p - 23812 = -3*y. List the prime factors of p.
5, 2383
Suppose -12485 = -269*l + 258*l. Let z = l - 811. What are the prime factors of z?
2, 3
Suppose 908 + 892 = 3*a. Let c = 1026 - a. Suppose 2*r = 5*r - c. List the prime factors of r.
2, 71
Suppose -p = -d + 106, -8*d - 118 = -9*d - 5*p. Suppose d = 4*i + 20. List the prime factors of i.
2, 11
Suppose 0 = -4*n + 1 - 17. Let l(q) = -q**3 - 2*q**2 - 2*q + 10. Let r be l(n). Suppose -2*f + 136 = -r. List the prime factors of f.
3, 31
Let i(u) = 45*u - 16. Let y(g) = g - 1. Let b(r) = i(r) - 6*y(r). Let o(m) = m**2 - 17*m - 230. Let j be o(-9). What are the prime factors of b(j)?
2, 73
Suppose -102225 = 43*k - 58*k. List the prime factors of k.
5, 29, 47
What are the prime factors of 29805/2*84*(-98)/(-3087)?
2, 5, 1987
Let u(n) = 666*n + 163. What are the prime factors of u(10)?
6823
Let g(b) = 329*b + 18. Suppose -5*l = 3*f - 13, -f - 3 = -5*l + 3*l. What are the prime factors of g(l)?
2, 13
Suppose -19 = 3*y - 25. Let k = 271 - y. List the prime factors of k.
269
Suppose -462*d - 15 = -467*d. Suppose 6*k - 2*m + 833 = 7*k, -5*k + d*m = -4126. List the prime factors of k.
827
Let o = -16 + 18. Suppose -3*p = b - 2, -2*p = -o*b + 4 - 0. List the prime factors of (-72 + p)*(-9 - -8).
2, 3
Let n = 5469 - 4436. What are the prime factors of n?
1033
Suppose g + 11 - 14 = 0. Let m = -36 - -127. Suppose m = g*j - 71. List the prime factors of j.
2, 3
Suppose -45775 = 49970*u - 49975*u. What are the prime factors of u?
5, 1831
Suppose -3*z = 0, 108*b - 105*b = 3*z - 3. What are the prime factors of -18*-6*(-1)/b?
2, 3
Let u(r) = 118*r + 147. Let w be u(-6). Let f = w + 1127. What are the prime factors of f?
2, 283
Suppose 7*q + 7*q = 2310. Suppose 1419 = 19*h + q. What are the prime factors of h?
2, 3, 11
Let n(t) = -t**3 + 7*t**2 - 6*t + 5. Let j = 9 + -3. Let q be n(j). What are the prime factors of ((-4)/q)/(1/(-125))?
2, 5
Suppose 0 = 4*i - 72 + 248. Let r = 30 + i. Let m = 27 + r. What are the prime factors of m?
13
Suppose 3*g + 5*n = 216, 3*n = -3*g + 106 + 110. Let b = g - -73. List the prime factors of b.
5, 29
Let u(z) = z**2 - 7*z + 12709. What are the prime factors of u(0)?
71, 179
Let y = -550 - -564. Suppose -4*u - y*l = -11*l - 1699, 4*u - l - 1679 = 0. What are the prime factors of u?
421
Let w(j) = 211*j + 1338. What are the prime factors of w(36)?
2, 3, 1489
Let n = 852 + -1726. Let v = -353 - n. List the prime factors of v.
521
Let j(y) = -y**3 + 11*y**2 + 3*y - 17. Let p be j(7). Suppose 4*a - 782 = 2*t + 18, -a + 5*t + p = 0. What are the prime factors of a?
2, 5
Let t(x) = x**2 - 13*x - 41. Let z be t(-4). Suppose z*i - 27083 + 8966 = 0. List the prime factors of i.
11, 61
Let a(w) = -18*w**3 + 2*w**2 + w - 1. Let p be a(-2). Suppose 109 = 2*f + 2*n - p, -2*f = -3*n - 238. What are the prime factors of f?
5
Suppose -10*s = -2*x - 14*s + 54350, -54395 = -2*x + 5*s. List the prime factors of x.
5, 5437
Suppose 3*d + 6*m - 336 = 7*m, 0 = -5*d + 4*m + 560. Let w = -77 + d. What are the prime factors of w?
5, 7
Let o be 4/(-12)*-501*1. Let j = -58 + o. List the prime factors of j.
109
Suppose 0 = -5*s, -5*i + 53 = -3*s - 352. Let n = 80 - i. What are the prime factors of 1/2*(n - -159)?
79
Suppose 0 = 11*n - 7*n - 24. Suppose -n*l = -2*v - 3*l + 142, 4*v - 3*l = 272. What are the prime factors of v?
5, 13
Let d = -1411 + 2251. What are the prime factors of d?
2, 3, 5, 7
Let c be (-2)/(-7) + (-26)/91. Suppose c = -3*w - 4*p + 851, 1021 = 4*w - 4*p - 151. List the prime factors of w.
17
Let i(o) = -o**3 + 35*o**2 - 33*o + 249. What are the prime factors of i(10)?
41, 59
Suppose 341 = -9*u + 2546. Let d = u - 106. What are the prime factors of d?
139
Suppose -b + 2*v - 39 = 0, -3*v - 59 = 5*b - 4*b. Let o = 51 + b. Suppose o*s = 41 + 7. What are the prime factors of s?
2, 3
Suppose 0 = -4*a + 139 + 45. Let b(f) = -f**2 + 7*f - 2. Let n be b(6). Suppose 5*q - a = n*q. List the prime factors of q.
2, 23
Suppose -43*f + 86387 = -14577. List the prime factors of f.
2, 587
What are the prime factors of ((-16)/(-8))/((-36)/8) - 26590/(-9)?
2, 7, 211
Let c(z) = 12*z**2 - 10 - 7*z**3 - 36*z + 5*z + 13*z**3 - 5*z**3. Let y be c(-14). What are the prime factors of (58/4)/(16/y)?
29
Let p(m) = 4889*m**2 + 2*m - 4. Let f be p(1). Suppose -2*s = 2*b + b - f, b - 5*s = 1646. List the prime factors of b.
7, 233
Suppose 1 + 24 = 5*a. Suppose 2*x = -x - a*l - 10, -4*l = 8. Suppose x*d = 3*d - 216. What are the prime factors of d?
2, 3
Let i(y) = 39*y**2 + 67*y + 112. List the prime factors of i(-7).
2, 3, 7, 37
Let c(z) = 1506*z + 7. Let h be c(1). Suppose h + 4129 = 13*u. What are the prime factors of u?
2, 7, 31
Let c(h) = h**3 + 19*h**2 + h + 9. Let t be (2 + 15)/(29/(-29)). What are the prime factors of c(t)?
2, 3, 5, 19
Suppose -4*y - 292 = 5*b, -2*y + 9*b = 4*b + 176. Let p = -84 + 237. Let s = y + p. List the prime factors of s.
3, 5
Suppose -1221 - 7815 = -9*a. Suppose -a = -3*r - 206. List the prime factors of r.
2, 7, 19
Suppose 3*s - s = -20. Let u(p) = p**3 + 17*p**2 + 15*p + 23. List the prime factors of u(s).
3, 191
Suppose 0 = -16*w - 29*w - 405. What are the prime factors of (303 + -17)*-3*w/6?
3, 11, 13
Let d be (-11)/(-33)*1 - (-89)/3. Let g(h) = 3*h + 5. Let r be g(8). Suppose 23 = d*c - r*c. List the prime factors of c.
23
Let c be (-747)/15 + (6/15)/(-2). Let f = 56 + c. What are the prime factors of (-240)/45*f*(-3)/4?
2, 3
What are the prime factors of 101/((-2)/(-120 + -2))?
61, 101
Let i = 24993 + -8137. What are the prime factors of i?
2, 7, 43
Suppose 3*w = 1807 - 406. Let h = w - -1196. What are the prime factors of h?
1663
Let z(m) = 2*m**3 - 4*m**2 - m - 37. Let r(a) = 6*a**3 - 11*a**2 - 2*a - 113. Let d(q) = -4*r(q) + 11*z(q). What are the prime factors of d(0)?
3, 5
Let z(s) = 514*s**3 - 43*s**2 + 126*s + 15. List the prime factors of z(3).
2, 3, 13, 89
Suppose 5*q + 5*y = 23814 + 37916, 3*q - 37018 = 2*y. What are the prime factors of q?
2, 3, 11, 17
What are the prime factors of (5/(-15)*-3)/(7 - 68284/9755)?
5, 1951
Let o(n) = 2*n**2 - 17*n - 5. Let m be o(9). Let v be (-39)/2*m/6. Let y(g) = -20*g + 20. What are the prime factors of y(v)?
2, 5, 7
Let x(c) = 37*c - 11. Let n be 1/(-2 - -3 - 14/16). Suppose -4*g = -2*g - n. What are the prime factors of x(g)?
137
Let u(v) = -v + 91. Let n be u(-27). Suppose 2*g + 355 = -3*g. Let h = n + g. What are the prime factor